ime?
True
Is 3031403 prime?
True
Is 48767542 a composite number?
True
Is 85333759 a composite number?
True
Is 43532921 a prime number?
False
Is 1754689 a composite number?
True
Is 740873615 composite?
True
Is 6062393 composite?
False
Is 202370533 prime?
False
Is 2952241 composite?
False
Is 15418061 prime?
True
Is 13610717 a prime number?
False
Is 1787699 a composite number?
False
Is 1326551 a composite number?
False
Is 26139833 a prime number?
False
Is 97652671 a prime number?
True
Is 1150117 a composite number?
False
Is 372155189 a prime number?
False
Is 28312853 a prime number?
True
Is 788849 a prime number?
True
Is 273821 prime?
True
Is 579407 prime?
True
Is 212460751 a composite number?
False
Is 5107057 prime?
False
Is 98193301 prime?
False
Is 9282953 prime?
False
Is 16117667 prime?
True
Is 98537 prime?
False
Is 535150838 prime?
False
Is 115273 a prime number?
False
Is 47294573 a composite number?
True
Is 274495381 a composite number?
True
Is 50401477 a prime number?
False
Is 9314527 a composite number?
False
Is 16553195 a composite number?
True
Is 105932579 a composite number?
False
Is 28618111 a prime number?
True
Is 8055959 a composite number?
False
Is 6032099 prime?
False
Is 102082691 prime?
True
Is 31932895 a composite number?
True
Is 10338473 a prime number?
True
Is 98773 a composite number?
False
Is 36700201 a composite number?
False
Is 87933553 a prime number?
True
Is 3445355 a composite number?
True
Is 4170589 prime?
False
Is 71079251 a prime number?
True
Is 194749721 composite?
True
Is 3270511 composite?
True
Is 61448267 a prime number?
False
Is 22272011 composite?
False
Is 2101497 a prime number?
False
Is 3572557 a composite number?
True
Is 5855027 a composite number?
True
Is 737111 prime?
True
Is 43903723 a prime number?
True
Is 68151983 a prime number?
False
Is 2329871 a prime number?
True
Is 10628477 a composite number?
True
Is 184910854 prime?
False
Is 33023363 a prime number?
True
Is 3408827 a composite number?
False
Is 10372667 a composite number?
True
Is 128144819 a composite number?
True
Is 377650759 prime?
False
Is 21243158 a composite number?
True
Is 80121593 a composite number?
False
Is 4968991 a composite number?
False
Is 16672441 prime?
True
Is 2562423 composite?
True
Is 20065453 a composite number?
True
Is 27246007 prime?
False
Is 1587097 composite?
True
Is 431254049 a prime number?
True
Is 19372397 a prime number?
False
Is 76394723 a prime number?
True
Is 220301 composite?
False
Is 141571 a composite number?
True
Is 5792537 a prime number?
True
Is 8292959 a prime number?
True
Is 7402349 composite?
False
Is 29146801 a composite number?
False
Is 38154743 composite?
True
Is 19458851 composite?
True
Is 5043121 prime?
True
Is 25616497 prime?
True
Is 5520557 composite?
True
Is 389998781 prime?
True
Is 7282543 a composite number?
True
Is 17057083 prime?
False
Is 19105477 a prime number?
True
Is 205217169 composite?
True
Is 3506893 a composite number?
True
Is 276197 prime?
False
Is 223866941 composite?
False
Is 394278679 a composite number?
True
Is 24132481 a prime number?
True
Is 545676629 a composite number?
True
Is 9540659 a prime number?
False
Is 1272737 prime?
False
Is 604801 prime?
True
Is 233191831 composite?
False
Is 10217293 composite?
True
Is 4137397 composite?
True
Is 10804777 a prime number?
False
Is 5355811 a composite number?
False
Is 7026153 a composite number?
True
Is 23108027 a composite number?
False
Is 16031831 prime?
False
Is 442687 composite?
True
Is 1436867 a prime number?
True
Is 12336551 composite?
False
Is 3927811 a prime number?
False
Is 1039763 a composite number?
False
Is 2521901 prime?
True
Is 412921307 a composite number?
False
Is 7923689 prime?
False
Is 12570917 prime?
False
Is 293714263 a composite number?
True
Is 3865461 composite?
True
Is 489941 composite?
False
Is 3726397 a composite number?
False
Is 884857 composite?
False
Is 89976071 a composite number?
True
Is 17690111 a prime number?
True
Is 2125733 prime?
True
Is 1116677387 composite?
True
Is 1525999 composite?
False
Is 17707357 a composite number?
True
Is 1892946941 a composite number?
False
Is 42512909 composite?
True
Is 371530117 a prime number?
False
Is 3444179 composite?
True
Is 447983 a composite number?
False
Is 28659637 a prime number?
False
Is 27641 composite?
True
Is 412701 a composite number?
True
Is 2628097 prime?
False
Is 17071933 a prime number?
True
Is 149795 a prime number?
False
Is 63266129 a composite number?
True
Is 8676554 a composite number?
True
Is 3026669 a composite number?
False
Is 4126013 a composite number?
True
Is 5775082 a prime number?
False
Is 547448683 composite?
False
Is 8412007 composite?
True
Is 2174891 a composite number?
False
Is 3260377 a composite number?
True
Is 2582819 a prime number?
False
Is 65050593 composite?
True
Is 6065963 prime?
True
Is 85495807 a composite number?
True
Is 31842313 a prime number?
True
Is 330778993 composite?
True
Is 2612045 composite?
True
Is 1733477 composite?
True
Is 206064457 a prime number?
True
Is 252001 a prime number?
True
Is 8047129 prime?
True
Is 2503729 a composite number?
False
Is 27902789 a composite number?
True
Is 4212899 composite?
True
Is 47337447 composite?
True
Is 3790207 prime?
False
Is 62327131 prime?
True
Is 5558933 a prime number?
True
Is 708380137 a composite number?
True
Is 1822413 a prime number?
False
Is 23328721 composite?
True
Is 45853169 a composite number?
True
Is 2272879 a composite number?
True
Is 6182587 prime?
False
Is 178737397 composite?
False
Is 11575733 a prime number?
False
Is 1960721 composite?
True
Is 131730517 a prime number?
True
Is 13209517 composite?
False
Is 12629677 a prime number?
False
Is 2327173 composite?
False
Is 16247879 prime?
False
Is 158455471 composite?
True
Is 27094963 a composite number?
True
Is 125569105 composite?
True
Is 39217427 composite?
False
Is 2356561 a composite number?
True
Is 2677211 a prime number?
False
Is 1395137 composite?
False
Is 624947 composite?
True
Is 21611857 composite?
False
Is 141354973 a prime number?
False
Is 4238089 a prime number?
False
Is 19742663 a prime number?
True
Is 506929 prime?
True
Is 873679 prime?
False
Is 4110877 a prime number?
True
Is 2835542 composite?
True
Is 10123943 a prime number?
False
Is 844849 a prime number?
False
Is 125605013 composite?
False
Is 13339061 prime?
False
Is 182326961 a prime number?
False
Is 4377341 prime?
True
Is 100952123 prime?
True
Is 3072715 prime?
False
Is 8579869 a prime number?
True
Is 2966611 a composite number?
True
Is 75415331 composite?
False
Is 7688489 prime?
False
Is 4673983 a composite number?
False
Is 66088577 a prime number?
True
Is 946499 prime?
False
Is 14945093 prime?
False
Is 992771 prime?
False
Is 2034161 a composite number?
False
Is 1349891669 a prime number?
False
Is 1177531 composite?
True
Is 5042821 a prime number?
False
Is 22346663 prime?
False
Is 3726997 a prime number?
False
Is 25738513 a prime number?
False
Is 22442837 a composite number?
False
Is 2231941 composite?
False
Is 59411761 prime?
False
Is 166956637 composite?
True
Is 1146661 a composite number?
False
Is 111147563 prime?
False
Is 1708009 a composite number?
False
Is 42017917 prime?
True
Is 20811319 composite?
True
Is 246833 a prime number?
True
Is 5128547 a prime number?
False
Is 10419733 a composite number?
True
Is 66440677 composite?
False
Is 4814449 a prime number?
True
Is 1103497 prime?
True
Is 3630817 a prime number?
True
Is 16253737 composite?
True
Is 4815887 prime?
True
Is 643065347 a composite number?
False
Is 222679 a prime number?
True
Is 24323311 prime?
False
Is 6693859 composite?
True
Is 1684127 a composite number?
False
Is 6367813 a composite number?
True
Is 4389919 a prime number?
True
Is 1846549685 a composite number?
True
Is 17334131 prime?
True
Is 542441 prime?
True
Is 49212661 a prime number?
True
Is 44617669 composite?
True
Is 923477 composite?
True
Is 120401459 a prime number?
False
Is 115259 composite?
False
Is 1895783 a composite number?
True
Is 540549811 prime?
False
Is 17324419 prime?
False
Is 177600373 prime?
True
Is 320412331 composite?
True
Is 179763821 a composite number?
False
Is 8338573 composite?
True
Is 338029007 a prime number?
False
Is 134155919 prime?
True
Is 134215969 a prime number?
False
Is 5150033 composite?
True
